hat is 15791 - -30?
157c1
In base 12, what is 9 + 1124170a?
11241717
In base 12, what is 11b + -10641b?
-106300
In base 15, what is -107c + 221?
-d5b
In base 16, what is 5102 - -367?
5469
In base 12, what is -46553073 + -5?
-46553078
In base 5, what is -333 - -14110013?
14104130
In base 11, what is -15 + a46657?
a46642
In base 9, what is -1078548358 + 2?
-1078548356
In base 11, what is 1834630 + 6?
1834636
In base 13, what is 13 + -b4087?
-b4074
In base 13, what is 20203 - 405?
1cacb
In base 11, what is 16660 - -60?
16710
In base 3, what is -10020212 + 12201212222?
12121122010
In base 8, what is -1205263 + 603?
-1204460
In base 5, what is 110221020 - -100?
110221120
In base 13, what is 8 + -503344?
-503339
In base 6, what is 5 - -33353151014?
33353151023
In base 10, what is -2783262 - 3?
-2783265
In base 4, what is 11 + -13131133103?
-13131133032
In base 4, what is -1000022 + 13201000?
12200312
In base 9, what is -311225 - -23?
-311202
In base 13, what is -a2c8 + 6603?
-39c5
In base 6, what is 2010 - 1230?
340
In base 12, what is -5140164 + 3?
-5140161
In base 3, what is -122 - -2011010012002002?
2011010012001110
In base 11, what is a60 - -73?
1023
In base 2, what is -101001001101111101110010 + -10?
-101001001101111101110100
In base 2, what is 100 - -100110010001011010110100?
100110010001011010111000
In base 15, what is 19a - 2ce560?
-2ce3b5
In base 10, what is 54 + 1091481?
1091535
In base 14, what is 3 - 21430d7?
-21430d4
In base 12, what is 320552b0 - -6?
320552b6
In base 9, what is -117026716 - -14?
-117026702
In base 5, what is 4 + -1043414304?
-1043414300
In base 13, what is 22 - -14baa6?
14bac8
In base 16, what is -1401082 + 2?
-1401080
In base 10, what is -60 - -4346592?
4346532
In base 11, what is 0 - -a962a6?
a962a6
In base 12, what is -a7453 + 4?
-a744b
In base 12, what is -163 + b5026?
b4a83
In base 10, what is -5 + 12064488?
12064483
In base 5, what is -300230114 - -31?
-300230033
In base 5, what is -4443404 + -1?
-4443410
In base 7, what is 225626 - 23444?
202152
In base 4, what is -112 - 1033222132?
-1033222310
In base 5, what is 1010222202342 - -2?
1010222202344
In base 15, what is 2 - 92428?
-92426
In base 14, what is -1 - 17bd429?
-17bd42a
In base 3, what is -1120100 + -1002122?
-2122222
In base 4, what is 2 + -32032121100122?
-32032121100120
In base 14, what is 0 + 1a850cd?
1a850cd
In base 10, what is -232 - -121607?
121375
In base 4, what is -211 + 1201330233?
1201330022
In base 14, what is 18007c + -261?
17dc1b
In base 9, what is -376 + 5286?
4810
In base 5, what is -104203120021 + 0?
-104203120021
In base 2, what is -11010010111010 + -1101011110100?
-100111110101110
In base 12, what is 128329 + 75?
1283a2
In base 7, what is -53230 + -132052?
-215312
In base 16, what is -d62da - 8?
-d62e2
In base 2, what is -1011000 - 11000111000001011000101?
-11000111000001100011101
In base 7, what is 145226 + 114?
145343
In base 11, what is -1a0 + -48350?
-48540
In base 7, what is 444026 + 1414?
445443
In base 9, what is -106371754 - 7?
-106371762
In base 10, what is 101635444 - 2?
101635442
In base 8, what is -5 - 2513676?
-2513703
In base 14, what is -b09dd1 + -2?
-b09dd3
In base 3, what is -211020 + -1001120221?
-1002102011
In base 16, what is 1042 - b76?
4cc
In base 6, what is -24054213 - 4?
-24054221
In base 5, what is -30 - 4424441230?
-4424441310
In base 4, what is 0 + -3232213330?
-3232213330
In base 6, what is -54555 + 253001?
154002
In base 14, what is 1 + -3a4a6d0?
-3a4a6cd
In base 12, what is -928 - 2180?
-2aa8
In base 14, what is -678b0d - 4?
-678b13
In base 16, what is 95 - 25833?
-2579e
In base 6, what is -2 + 30103405350?
30103405344
In base 8, what is 244567204 - 3?
244567201
In base 14, what is -17a + -534c0?
-5365a
In base 6, what is 110140031 - 0?
110140031
In base 5, what is -22330 - 100041241?
-100114121
In base 12, what is -52872 - 20?
-52892
In base 13, what is -cb - -76380?
76282
In base 15, what is b2209 - 8e?
b216a
In base 14, what is 12 - -5b36d0?
5b3702
In base 6, what is 13410245 - 10?
13410235
In base 3, what is 1001020222222 - -12120?
1001021012112
In base 11, what is -14 - -32a5a53?
32a5a3a
In base 15, what is -1 + -51703b?
-51703c
In base 16, what is 4a4e1e6 - 4?
4a4e1e2
In base 13, what is b28099a + 2?
b28099c
In base 13, what is 1214 - 3763?
-254c
In base 5, what is -1111244 - -24414?
-1031330
In base 11, what is 3027551 + -4?
3027548
In base 15, what is -268cbe7 + -e?
-268cc06
In base 3, what is 211022212 - 12210110?
121112102
In base 12, what is -7051 - -153?
-6aba
In base 5, what is -314 + 113034404?
113034040
In base 4, what is 21301321220113 - 2?
21301321220111
In base 13, what is -29573b3 + -b?
-29573c1
In base 8, what is 36 - -2114240?
2114276
In base 11, what is -559a - -2488?
-3112
In base 14, what is -2 + -21919ccb?
-21919ccd
In base 9, what is -1533887 - -8?
-1533878
In base 4, what is -1333 + -122122220?
-122130213
In base 8, what is 30471047 - 54?
30470773
In base 14, what is -d - -a7305?
a72d6
In base 11, what is -540 - a5834?
-a6274
In base 12, what is 13906 - 65?
13861
In base 5, what is -122003 - 340?
-122343
In base 7, what is -33 + -40504361?
-40504424
In base 5, what is -432 - 423013144?
-423014131
In base 15, what is -44e - 85b5?
-8a14
In base 5, what is -4312334200 + 2?
-4312334143
In base 10, what is -137920 - 28?
-137948
In base 7, what is 441326 + 12026?
453355
In base 8, what is 1611 + -1522?
67
In base 2, what is 1101001110010 + 111101101?
1110001011111
In base 7, what is 4140 + 24544?
32014
In base 5, what is 1 + -3130041000?
-3130040444
In base 4, what is 10111033 - -132023?
10303122
In base 13, what is -1096 - -1965?
89c
In base 4, what is 2101220 - -111030?
2212310
In base 10, what is -151 - 251441?
-251592
In base 9, what is 4257463 - -456?
4258030
In base 14, what is -23d2870 - -1?
-23d286d
In base 3, what is 121102110221012120 + 1?
121102110221012121
In base 2, what is 10 - 1111010001111110110010?
-1111010001111110110000
In base 9, what is 2321166 + -3?
2321163
In base 11, what is -24a52aa5 + -11?
-24a53006
In base 9, what is 248035178 - -5?
248035184
In base 4, what is -31332 - 3000311?
-3032303
In base 14, what is 1 - -994586?
994587
In base 16, what is 4 - -86fb4a3?
86fb4a7
In base 10, what is -19 - -635687?
635668
In base 4, what is 32 + 123013100?
123013132
In base 11, what is -3 + -5519249?
-5519251
In base 12, what is -383 + -286402?
-286785
In base 2, what is -1100011 - 101010100111101001?
-101010101001001100
In base 5, what is -22 + 21312114014?
21312113442
In base 5, what is 110023200101 - 10?
110023200041
In base 12, what is -1 + -44238a?
-44238b
In base 12, what is 16 + -934b2?
-93498
In base 6, what is 41024203 - -4003?
41032210
In base 16, what is -127 - -1b0ee?
1afc7
In base 2, what is 10011100 - 11001011100011111011?
-11001011100001011111
In base 13, what is -10 + 8b254?
8b244
In base 2, what is -1110011111000111111 + -10011001101?
-1110100001100001100
In base 15, what is -2855e + -4aa?
-28a19
In base 13, what is b12001 - 1b?
b11cb3
In base 2, what is 110111000100100000000 + 100010010?
110111000101000010010
In base 4, what is -230201130312311 - 1?
-230201130312312
In base 4, what is 112302020 - 3222320?
103013100
In base 6, what is 153454 + -334?
153120
In base 2, what is -111110000111110010 + -10101010?
-111110001010011100
In base 7, what is 136 - 4123255?
-4123116
In base 6, what is -3234045 - 42112?
-3320201
In base 9, what is -2023 + 25107?
23074
In base 2, what is 11000100001 + -1101111100010001?
-1101100011110000
In base 7, what is -663446 - -32?
-663414
In base 10, what is 33 - -1718821?
1718854
In base 13, what is 29b8 + -2095?
923
In base 13, what is 56c7 - -1a37?
7431
In base 13, what is -12c05 + c?
-12bc6
In base 7, what is 1251422155 + 4?
1251422162
In base 4, what is 102002000121 + 1100?
102002001221
In base 13, what is 16 - -2b41645?
2b4165b
In base 8, what is 33317 + 32217?
65536
In base 7, what is -46252 - 4035?
-53320
In base 6, what is -3513403424 - 14?
-3513403442
In base 2, what is -1101100010011011111 + -1100110?
-1101100010101000101
In base 7, what is 1 - -35532246?
35532250
In base 8, what is 41 - -33225?
33266
In base 12, what is a52a4 + 61?
a5345
In base 11, what is -4a212a993 - -2?
-4a212a991
In base 2, what is 10001000100